by t(-3).
0
Suppose 5 = -38*h + 37*h. Let o be (43/(-2))/(1*h/10). Let m = o - 18. Calculate the remainder when 98 is divided by m.
23
Let g(z) = z**3 + 37*z**2 - 14*z - 499. What is the remainder when 258 is divided by g(-37)?
11
Suppose 3*m - 14 + 7 = -2*k, -m - 3*k = 0. Suppose 6*q + 2*q = 448. Suppose -q*l + 22 = -54*l. What is the remainder when l is divided by m?
2
Suppose 36*d - 32*d + 1624 = 0. Let x(b) = -b**3 - 7*b**2 - 8*b. What is the remainder when x(-6) is divided by (-2)/7 - d/49?
4
Let x be 3/(60/18 + 0 + -3). Suppose 3 = k, 3*v - 2*k - 2*k = x. Calculate the remainder when v is divided by 3/((-12)/(-8)) - -3.
2
Let g(k) = -k**3 - 39*k**2 + 503*k - 117. Let l = 369 + -175. What is the remainder when l is divided by g(10)?
12
Suppose -4*y - 238 = -2*z, 0 = 126*z - 121*z - 3*y - 623. Calculate the remainder when z is divided by 21.
1
Let k(d) = -3*d - 79. Let b be k(-18). Calculate the remainder when 30 is divided by (-1)/(-5) + (3 - (-30)/b).
0
Let j(u) = 508*u - 281. Calculate the remainder when 689 is divided by j(1).
8
Suppose 3*m = 5*n + 41 - 68, 0 = 2*n - m - 12. What is the remainder when n is divided by 9?
0
Let i = -482 + 464. Suppose 3*f - 120 = 3*h, -119 = -3*f - 5*h - 7. What is the remainder when 2084/18 + (-4)/i is divided by f?
38
Let f(j) = -j**3 + 25*j**2 - 31*j + 38. Let q be f(25). Let m = 760 + q. Let y(g) = g**3 + 3*g**2 - g + 3. What is the remainder when y(4) is divided by m?
19
Suppose 27*y - 1031 = 7825. Let v = 86 - 39. What is the remainder when y is divided by v?
46
Suppose h + 40*n - 49 = 45*n, 4*h - 4*n = 180. What is the remainder when 342 is divided by 0/(-1) + (h - 3) + 2?
41
Suppose -224*s + 5560483 = -13*s. Calculate the remainder when s is divided by 251.
249
What is the remainder when 502 is divided by (-561)/(-22) + (-140)/40?
18
Let u(i) = i**2 - 6*i - 221. What is the remainder when 294 is divided by u(-15)?
12
Suppose h + 184 = -3*h. Let d = 47 + h. What is the remainder when 9 is divided by (d - 1) + (-6 - -4) - -10?
1
Let y(u) = 33*u**2 - 8*u + 4. What is the remainder when y(2) is divided by 25?
20
Suppose 7 = 6*t + 1. Suppose 0*v - 4*v + t = 3*k, 0 = k + 1. Let c(r) = 35*r - 3. What is the remainder when 63 is divided by c(v)?
31
Suppose -2*y + 164 = 42. Let k(b) = 37*b + 805. Calculate the remainder when k(-20) is divided by y.
4
Let w(n) = 127*n - 3589. What is the remainder when w(33) is divided by 3?
2
Calculate the remainder when 707*190/35 - -1 is divided by 63.
59
Suppose 8*m + 2*m + 232 - 3102 = 0. Calculate the remainder when m is divided by 92.
11
Let d = 10 - 8. Suppose -z + 21 = d*z. Suppose 0 = 3*q - 2*q - z. Calculate the remainder when q is divided by 6.
1
Let y(z) = z**3 - 18*z**2 - 14*z - 85. Let p be y(19). Let o(n) = -2*n**2 + 24*n - 33. What is the remainder when 82 is divided by o(p)?
5
Let v = -376 + 430. Suppose 6 = -2*c, -14*s - 5*c + 80 = -9*s. Calculate the remainder when v is divided by s.
16
Suppose -2*j - u - 297 = -1229, -u = -2. What is the remainder when j is divided by 39?
36
Suppose -4*o - 12 = 0, -2*o = 4*i + o - 179. Suppose -5*n - 5*f + 45 = 0, -f + 1 = -n + 16. Calculate the remainder when i is divided by n.
11
Let d = -2 - -6. Suppose 2*a + 5*q - q - 58 = 0, -d*a + 149 = -3*q. Suppose -5*b + 0*b = -a. Calculate the remainder when 24 is divided by b.
3
Let w(u) = u**3 + 2*u**2 + 8. Let k be w(0). Suppose 0 = s - 10 - k. Calculate the remainder when 49 is divided by s.
13
Let d(g) = g**3 - 11*g**2 + 66*g - 54. What is the remainder when 822 is divided by d(7)?
186
Let i = 2893 - -730. Calculate the remainder when i is divided by 125.
123
Let z = -2394 + 2417. Suppose -n + a = -0*a + 9, -n + 16 = 4*a. What is the remainder when z is divided by (-143)/(-22) - (-2)/n?
5
Suppose 7*m + 268 = -68. What is the remainder when (58/(-6))/(-2 - 92/m) is divided by 41?
34
Suppose 6*f - 1189 - 203 = 0. What is the remainder when f is divided by 87?
58
Let o = -7130 + 10629. Calculate the remainder when o is divided by 35.
34
What is the remainder when 769 is divided by (50 - 54)*110/(-8)?
54
Let u(n) be the second derivative of -n**3/6 + 15*n**2 + 2*n. Suppose -76*y - 325 = -9369. What is the remainder when y is divided by u(0)?
29
Let g(o) = -o**2 + 56*o + 125. What is the remainder when 25530 is divided by g(-2)?
6
Let w(d) = 42*d - 2447. What is the remainder when 462 is divided by w(59)?
28
Let t = -19118 - -21118. What is the remainder when t is divided by 75?
50
Suppose 0 = 3*a - 12, -4*a = 3*z - 5*z + 148. Suppose -246 = -3*i + 5*p - 4*p, 2*p = -i + z. What is the remainder when i is divided by 6?
4
Let b(h) = -h**3 + 24*h**2 - 38*h - 97. Calculate the remainder when 574 is divided by b(22).
14
Let i be ((-29)/(290/500))/((-2)/1). Suppose -5*m + 95 + 30 = 2*a, -4*a = -m + i. What is the remainder when m is divided by 10?
5
Let v(z) = -150 + 77*z**2 + 74*z**2 - 33*z - 145*z**2. What is the remainder when v(-5) is divided by 28?
25
Suppose 2*j = -5*c + 6491, 179*c - 174*c - 5*j - 6505 = 0. What is the remainder when 2607 is divided by c?
9
Let u(g) = -6*g - 29. Let s(p) = 5*p - 57. Let c be s(10). What is the remainder when 4*(297/12 + 1) is divided by u(c)?
12
Let i = -363 + 2761. Calculate the remainder when i is divided by 49.
46
Let x = 65 + -59. Suppose 5*v = 4*v + x. Suppose 2*g = -2*l + 24, v*l - 3*g = 2*l + 62. What is the remainder when l is divided by 13?
1
Let c(l) = 24*l - 610. What is the remainder when c(32) is divided by 64?
30
Let w(v) = v**2 - 21*v + 73. Calculate the remainder when 4160 is divided by w(0).
72
Let o(f) = f**2 - 21*f + 109. Let z be o(12). What is the remainder when 23 is divided by 7 - (z + 3 + -11)?
9
Suppose -4*x = x - 65. Let d = -8238 - -8245. Calculate the remainder when x is divided by d.
6
Let s = -44 - -46. Suppose 3*q = g - 89, s*g + 5*q + 175 = 4*g. Let x = -94 + 115. Calculate the remainder when g is divided by x.
17
Let k be (3 + 483/(-5))/(18/(-60)). Suppose -40*r = -14*r - k. Calculate the remainder when 23 is divided by r.
11
Suppose -146 = -4*k + 3*s + 3661, 5*k - 4*s = 4758. Suppose 19*b - k = b. Calculate the remainder when 112 is divided by b.
6
Let p = -9517 - -9570. Calculate the remainder when 1215 is divided by p.
49
Suppose -v - 1389 = -8*w - 424, 3*w + 5*v - 378 = 0. What is the remainder when w is divided by 23?
6
Let a(v) = v**2 - 3*v + 3. Let y = 126386 + -126345. What is the remainder when y is divided by a(6)?
20
Let b = 20 + 20. What is the remainder when (216/(-60) + 4)/(3 - 1243/415) is divided by b?
3
Let j(v) = v**3 - 28*v**2 + 29*v - 57. Let t be j(27). What is the remainder when (2/t - (-5)/(-15)) + 164 is divided by 42?
37
Let l = 3209 + -3164. Calculate the remainder when 81 is divided by l.
36
Let u(y) = -y + 16. Let p be u(0). Let o = 215 - 200. Calculate the remainder when 8/3*420/p is divided by o.
10
Let t = 722 + -485. Let p = 34 + t. Calculate the remainder when p is divided by 69.
64
Suppose 681 - 6463 = -2*t + 5*v, 14397 = 5*t + 2*v. Suppose -16*f = -3935 - t. Calculate the remainder when f is divided by 72.
66
Let h(v) = 5*v**2 + 23*v - 25. Let k(i) = i**3 - 4*i**2 + 4*i - 10. Let t be k(0). Calculate the remainder when h(t) is divided by 62.
59
Suppose 0 = -31*p + 32*p - 144. Suppose 0 = -4*c + 4*h + 184, 4*c - 216 = -4*h - 0. Calculate the remainder when p is divided by c.
44
Suppose -r + 260 = 4*t, -12*t = 4*r - 14*t - 1022. Calculate the remainder when 541 is divided by r.
29
Suppose 2*f = 3*h, 0 = 4*f + 7*h - 6*h. Suppose f*m + b = -5*m - 178, -m = -4*b + 23. Let p = 38 + m. What is the remainder when 7 is divided by p?
1
Suppose -p - 174 = -295. Suppose p - 31 = 5*l. Calculate the remainder when 22 is divided by l.
4
Let h(b) be the first derivative of 2*b**3/3 + b**2/2 + 14*b + 53. Suppose u - 80 + 25 = 0. Calculate the remainder when u is divided by h(0).
13
Let m(z) = 308*z - 2755. Calculate the remainder when 127 is divided by m(9).
8
Suppose 5*s - 5*i = 490, 469 + 51 = 5*s + i. What is the remainder when 814 is divided by s?
93
Suppose 786 = 48*t + 498. What is the remainder when 8506 is divided by t?
4
Suppose 61*l + 35 = 66*l. Suppose 4*i - l*i = -2*m + 66, -i = 3*m - 88. Calculate the remainder when 85 is divided by m.
25
Let x(p) = 4*p + 34. Let a be x(-10